{"id":3851,"date":"2018-05-25T13:23:33","date_gmt":"2018-05-25T11:23:33","guid":{"rendered":"http:\/\/bsv-delmenhorst.de\/?page_id=3851"},"modified":"2018-05-25T14:18:15","modified_gmt":"2018-05-25T12:18:15","slug":"datenschutzerklaerung","status":"publish","type":"page","link":"https:\/\/www.bsv-delmenhorst.de\/?page_id=3851","title":{"rendered":"Datenschutzerkl\u00e4rung"},"content":{"rendered":"<p><strong>Datenschutzerkl\u00e4rung <\/strong><\/p>\n<p>&nbsp;<\/p>\n<p><strong>Datenschutzhinweise<\/strong><\/p>\n<p><strong>gem\u00e4\u00df Artikel 13 und 14 EU-Datenschutz-Grundverordnung (DSGVO)<\/strong><\/p>\n<p><strong>\u201eNat\u00fcrliche Personen\u201c <\/strong><\/p>\n<p><strong>Vertretungsberechtigte\/Bevollm\u00e4chtigte \u201eJuristischer Personen\u201c<\/strong><\/p>\n<p>&nbsp;<\/p>\n<p>Hiermit informieren wir Sie \u00fcber die Erhebung, Speicherung und Verarbeitung personenbezogener Daten durch uns und die Ihnen nach den datenschutzrechtlichen Regelungen zustehenden Rechte und Anspr\u00fcche.<\/p>\n<p>Personenbezogene Daten sind Informationen, die sich auf Ihre Person beziehen und zu Ihrer Identifizierung f\u00fchren k\u00f6nnen.<\/p>\n<p>Welche Daten im Einzelnen verarbeitet und in welcher Weise genutzt werden, richtet sich nach den jeweils von Ihnen beantragten bzw. mit Ihnen vereinbarten Dienstleistungen oder Werkvertr\u00e4gen.<\/p>\n<p>Wer ist f\u00fcr die Datenverarbeitung verantwortlich und an wen kann ich mich wenden<\/p>\n<p>Verantwortlicher:<\/p>\n<p>Betriebssportverband Delmenhorst e.V.<\/p>\n<p>1. Vorsitzender<br \/>\nChristian Knospe<br \/>\nMei\u00dfener Str. 17<br \/>\n27755 Delmenhorst<br \/>\nEmail: vorstand@bsv-delmenhorst.de<br \/>\nInternet: www.bsv-delmenhorst.de<\/p>\n<p>&nbsp;<\/p>\n<p>Zweck der Verarbeitung und Rechtsgrundlage<\/p>\n<p>Wir verarbeiten personenbezogene Daten im Einklang mit den Bestimmungen der Europ\u00e4ischen Datenschutz-Grundverordnung (DSGVO) und dem Bundesdatenschutzgesetz (BDSG).<\/p>\n<p>&nbsp;<\/p>\n<p>(Artikel 6 Abs. 1 DSGVO)<\/p>\n<p>&nbsp;<\/p>\n<ul>\n<li>Verarbeitung zum Zwecke der Vertragserf\u00fcllung (Mitgliedschaft)<\/li>\n<li>Wahrung der berechtigten Interessen des Verantwortlichen oder eines Dritten<\/li>\n<li>Erf\u00fcllung rechtlicher Verpflichtungen des Verantwortlichen<\/li>\n<li>Einwilligung des Betroffenen<\/li>\n<li>Informationen, die f\u00fcr die Vertragsdurchf\u00fchrung im Rahmen der Mitgliedschaft notwendig sind<\/li>\n<\/ul>\n<p>&nbsp;<\/p>\n<p>Folgende personenbezogene Daten werden erhoben, gespeichert und verarbeitet:<\/p>\n<ul>\n<li>Anrede, Vorname, Nachname<\/li>\n<li>Anschrift<\/li>\n<li>Telefonnummer, Faxnummer, E-Mail-Adresse<\/li>\n<li>Geburtsdatum<\/li>\n<li>Art um Umfang des Immobilieneigentums<\/li>\n<li>Bankverbindung (Name der Bank, IBAN\/BIC) bei Teilnahme am Lastschrifteinzugsverfahren f\u00fcr den Mitgliedsbeitrag oder sonstiger in Auftrag gegebenen Leistungen<\/li>\n<\/ul>\n<p>&nbsp;<\/p>\n<p>Aufrufen unserer Webseite<\/p>\n<p>Sobald Sie unsere Webseite aufrufen werden durch den auf Ihrem Endger\u00e4t zum Einsatz kommenden Browser automatisch Informationen an den Server unserer Webseite gesendet und tempor\u00e4r in einem Logfile gespeichert.<\/p>\n<p>Folgende Informationen werden bis zu einer sp\u00e4teren L\u00f6schung gespeichert:<\/p>\n<ul>\n<li>IP-Adresse des anfragenden Rechners<\/li>\n<li>Uhrzeit und Datum des Zugriffs<\/li>\n<li>Name und URL der abgerufenen Datei<\/li>\n<li>Website von der aus der Zugriff erfolgt (-URL)<\/li>\n<li>Verwendeter Browser und evtl. Betriebssystem des anfragenden Rechners<\/li>\n<li>Name Ihres Access-Providers<\/li>\n<\/ul>\n<p>Die genannten Daten werden durch uns f\u00fcr die unter Punkt 2 genannten Zwecke (Artikel 6 Abs. 1 DSGVO) verarbeitet.<\/p>\n<p>&nbsp;<\/p>\n<p>Cookies<\/p>\n<p>Sollten auf unserer Webseite Cookies eingesetzt werden, so handelt es sich um sogenannte Session-Cookies. Das sind Datenpakete, die zwischen dem Server des Betriebssportverband Delmenhorst e.V. und dem Browser des Besuchers ausgetauscht werden. Diese werden beim Besuch der Webseite von den jeweils verwendeten Ger\u00e4ten (PC, Notebook, Tablet, Smartphone etc.) gespeichert. In den Cookies werden Informationen abgelegt, die sich jeweils im Zusammenhang mit dem spezifisch eingesetzten Endger\u00e4t ergeben.<\/p>\n<p>Cookies werden nach den Grundeinstellungen der Browser gr\u00f6\u00dftenteils akzeptiert. Die Browsereinstellungen k\u00f6nnen so eingerichtet werden, dass Cookies entweder auf den verwendeten Ger\u00e4ten nicht akzeptiert werden, oder dass jeweils ein besonderer Hinweis erfolgt, bevor ein neuer Cookie angelegt wird. Es wird allerdings darauf hingewiesen, dass die Deaktivierung von Cookies dazu f\u00fchren kann, dass nicht alle Funktionen der Webseite bestm\u00f6glich genutzt werden k\u00f6nnen.<\/p>\n<p>Der Einsatz von Cookies dient dazu, die Nutzung des Webangebots vom Betriebssportverband Delmenhorst e.V. komfortabler zu gestalten. So kann beispielsweise anhand von Session-Cookies nachvollzogen werden, ob der Besucher einzelne Seiten der Webseite bereits besucht hat. Nach Verlassen der Webseite werden diese Session-Cookies automatisch gel\u00f6scht.<\/p>\n<p>Die durch technisch notwendige Cookies erhobenen Nutzerdaten werden nicht zur Erstellung von Nutzerprofilen verwendet.<\/p>\n<p>Die durch Cookies verarbeiteten Daten sind f\u00fcr die o.g. Zwecke zur Wahrung der berechtigten Interessen des Hockey-Club Delmenhorst nach Art. 6 Abs. 1 Satz 1 Buchstabe f DSGVO gerechtfertigt.<\/p>\n<p>Welche Quellen und Daten nutzen wir (Datenquelle)<\/p>\n<p>Wir verarbeiten personenbezogene Daten aus \u00f6ffentlich zug\u00e4nglichen Quellen (z.B. Handels- und Vereinsregister, Presse, Medien, Internet), die zul\u00e4ssigerweise gewonnen und verarbeitet werden d\u00fcrfen.<\/p>\n<p>&nbsp;<\/p>\n<p>Wer bekommt meine Daten (Empf\u00e4nger der Daten)<\/p>\n<p>Innerhalb des Betriebssportverband Delmenhorst e.V. erhalten diejenigen Stellen Ihre Daten, die diese zur Erf\u00fcllung unserer vertraglichen und gesetzlichen Pflichten ben\u00f6tigen (Mitgliederverwaltung).<\/p>\n<p>Soweit dies nach Artikel 6 Absatz 1 S. 1b DSGVO f\u00fcr die Abwicklung des Vertragsverh\u00e4ltnisses\/der Mitgliedschaft mit Ihnen erforderlich ist, werden Ihre personenbezogenen Daten an Dritte weitergegeben.<\/p>\n<p>Auch von uns eingesetzte Auftragsverarbeiter (Artikel 28 DSGVO und \u00a7 26 BDSG), wie Dienstleister und Erf\u00fcllungsgehilfen k\u00f6nnen zu diesen genannten Zwecken Daten erhalten. Dies sind Unternehmen in den Kategorien Kreditinstitute, IT-Dienstleistungen, Logistik, Druckdienst-Leistungen, Telekommunikation, Inkasso bei Beitragsr\u00fcckst\u00e4nden.<\/p>\n<p>&nbsp;<\/p>\n<p>Werden Daten in ein Drittland oder an eine internationale Organisation \u00fcbermittelt<\/p>\n<p>Eine Daten\u00fcbermittlung an Stellen in Staaten au\u00dferhalb der EU bzw. des EWR (sogenannte Drittstaaten) findet nur statt, soweit dies zur Ausf\u00fchrung der Auftr\u00e4ge des Mitgliedes erforderlich, gesetzlich vorgeschrieben ist (z.B. steuerrechtliche Meldepflichten), Sie uns eine Einwilligung erteilt haben oder im Rahmen einer Auftragsdaten-Verarbeitung.<\/p>\n<p>&nbsp;<\/p>\n<p>Wie lange werden meine Daten gespeichert (Dauer der Speicherung)<\/p>\n<p>Wir verarbeiten und speichern Ihre personenbezogenen Daten f\u00fcr die Dauer Ihrer Mitgliedschaft.<\/p>\n<p>Dar\u00fcber hinaus unterliegen wir verschiedenen Aufbewahrungs- und Dokumentationspflichten, die sich unter anderem aus dem Handelsgesetzbuch (HGB), der Abgabenordnung (AO), dem Geldw\u00e4schegesetz (GWG) ergeben. Die dort vorgegebenen Fristen zur Aufbewahrung bzw. Dokumentation betragen zwei bis 10 Jahre.<\/p>\n<p>Weiterhin beurteilt sich die Speicherdauer auch nach den gesetzlichen Verj\u00e4hrungsfristen, die zum Beispiel nach den \u00a7\u00a7 195 ff des B\u00fcrgerlichen Gesetzbuches (BGB) in der Regel 3 Jahre. In gewissen F\u00e4llen k\u00f6nnen diese aber auch bis zu 30 Jahre betragen.<\/p>\n<p>&nbsp;<\/p>\n<p>Welche Datenschutzrechte habe ich<\/p>\n<p>Jede betroffene Person hat folgende Rechte:<\/p>\n<p><strong>Auskunft<\/strong> nach Art. 15 DSGVO<\/p>\n<p><strong>Berichtigung <\/strong>nach Art. 16 DSGVO<\/p>\n<p><strong>L\u00f6schung<\/strong> nach Art. 17 DSGVO<\/p>\n<p><strong>Einschr\u00e4nkung der Verarbeitung<\/strong> nach Art. 18 DSGVO<\/p>\n<p><strong>Daten\u00fcbertragbarkeit<\/strong> nach Art. 20 DSGVO<\/p>\n<p>Beim Auskunftsrecht und beim L\u00f6schungsrecht gelten die Einschr\u00e4nkungen nach \u00a7\u00a7 34 und 35 BDSG. Dar\u00fcber hinaus besteht ein Beschwerderecht bei einer Datenschutzaufsichtsbeh\u00f6rde (Art. 77 DSGVO i.V.m. \u00a7 19 BDSG.<\/p>\n<p>Eine erteilte Einwilligung in die Verarbeitung personenbezogener Daten k\u00f6nnen Sie jederzeit uns gegen\u00fcber widerrufen (Art. 7 Abs. 3 DSGVO).<\/p>\n<p>Dies gilt auch f\u00fcr den Widerruf von Einwilligungserkl\u00e4rungen, die vor dem 25. Mai 2018, uns gegen\u00fcber erteilt worden sind. Bitte beachten Sie, dass der Widerruf erst f\u00fcr die Zukunft wirkt. Verarbeitungen, die vor dem Widerruf erfolgt sind, sind davon nicht betroffen.<\/p>\n<p>&nbsp;<\/p>\n<p>Besteht f\u00fcr mich eine Pflicht zur Bereitstellung von Daten<\/p>\n<p>Im Rahmen Ihrer Mitgliedschaft m\u00fcssen Sie uns diejenigen personenbezogenen Daten bereitstellen, die f\u00fcr die Begr\u00fcndung der Mitgliedschaft, Durchf\u00fchrung und Beendigung erforderlich sind oder zu deren Erhebung wir gesetzlich verpflichtet sind.<\/p>\n<p>Ohne diese Daten m\u00fcssen wir Sie in der Regel als Mitglied ablehnen bzw. m\u00fcssen wir eine bestehende Mitgliedschaft aufheben.<\/p>\n<p>Widerspruchsrecht nach Artikel 21 DSGVO<\/p>\n<p>Einzelfallbezogenes Widerspruchsrecht<\/p>\n<p>Sie haben das Recht, aus Gr\u00fcnden, die sich aus Ihrer besonderen Situation ergeben, jederzeit gegen die Verarbeitung Sie betreffenden personenbezogener Daten, die aufgrund von Artikel 6 Abs. 1 f DSGVO (Datenverarbeitung auf Grundlage einer Interessenabw\u00e4gung) erfolgt, Widerspruch einzulegen.<\/p>\n<p>Legen Sie Widerspruch ein, werden wir Ihre personenbezogenen Daten nicht mehr verarbeiten, es sei denn, wir k\u00f6nnen zwingende schutzw\u00fcrdige Gr\u00fcnde f\u00fcr die Verarbeitung nachweisen, die Ihre Interessen, Rechte und Freiheiten \u00fcberwiegen oder die Verarbeitung dient der Geltendmachung, Aus\u00fcbung oder Verteidigung von Rechtsanspr\u00fcchen.<\/p>\n<p>Der Widerspruch kann formfrei erfolgen und sollte m\u00f6glichst gerichtet werden an:<\/p>\n<p>Betriebssportverband Delmenhorst e.V.<br \/>\n1. Vorsitzender<br \/>\nChristian Knospe<br \/>\nMei\u00dfener Str. 17<br \/>\n27755 Delmenhorst<\/p>\n<p>&nbsp;<\/p>\n<p>&nbsp;<\/p>\n<p>Diese Datenschutzerkl\u00e4rung des Betriebssportverband Delmenhorst e.V. ist aktuell g\u00fcltig und hat den Stand Mai 2018<\/p>\n<p>&nbsp;<\/p>\n<p>&nbsp;<\/p>\n","protected":false},"excerpt":{"rendered":"<p>Datenschutzerkl\u00e4rung &nbsp; Datenschutzhinweise gem\u00e4\u00df Artikel 13 und 14 EU-Datenschutz-Grundverordnung (DSGVO) \u201eNat\u00fcrliche Personen\u201c Vertretungsberechtigte\/Bevollm\u00e4chtigte \u201eJuristischer Personen\u201c &nbsp; Hiermit informieren wir Sie \u00fcber die Erhebung, Speicherung und Verarbeitung personenbezogener Daten durch uns und die Ihnen nach den datenschutzrechtlichen Regelungen zustehenden Rechte und Anspr\u00fcche. Personenbezogene Daten sind Informationen, die sich auf Ihre Person beziehen und zu Ihrer Identifizierung [&hellip;]<\/p>\n","protected":false},"author":2,"featured_media":0,"parent":0,"menu_order":0,"comment_status":"closed","ping_status":"closed","template":"","meta":{"footnotes":""},"class_list":["post-3851","page","type-page","status-publish","hentry"],"_links":{"self":[{"href":"https:\/\/www.bsv-delmenhorst.de\/index.php?rest_route=\/wp\/v2\/pages\/3851","targetHints":{"allow":["GET"]}}],"collection":[{"href":"https:\/\/www.bsv-delmenhorst.de\/index.php?rest_route=\/wp\/v2\/pages"}],"about":[{"href":"https:\/\/www.bsv-delmenhorst.de\/index.php?rest_route=\/wp\/v2\/types\/page"}],"author":[{"embeddable":true,"href":"https:\/\/www.bsv-delmenhorst.de\/index.php?rest_route=\/wp\/v2\/users\/2"}],"replies":[{"embeddable":true,"href":"https:\/\/www.bsv-delmenhorst.de\/index.php?rest_route=%2Fwp%2Fv2%2Fcomments&post=3851"}],"version-history":[{"count":4,"href":"https:\/\/www.bsv-delmenhorst.de\/index.php?rest_route=\/wp\/v2\/pages\/3851\/revisions"}],"predecessor-version":[{"id":3856,"href":"https:\/\/www.bsv-delmenhorst.de\/index.php?rest_route=\/wp\/v2\/pages\/3851\/revisions\/3856"}],"wp:attachment":[{"href":"https:\/\/www.bsv-delmenhorst.de\/index.php?rest_route=%2Fwp%2Fv2%2Fmedia&parent=3851"}],"curies":[{"name":"wp","href":"https:\/\/api.w.org\/{rel}","templated":true}]}}